) = 26*z - 6*z + z**3 - 4*z**2 - 9*z - 14*z - 3. Let d(l) = 2*l**3 - 9*l**2 - 7*l - 7. Let m(t) = -13*c(t) + 6*d(t). Determine m(-3).
15
Let w(u) = u + 3. Suppose 2*d - k = 5, 2*d - 5*k = 6*d + 11. Let x be (d + -2)*(-1 + -2). Suppose -5 = 2*v + x. Give w(v).
-1
Let g(r) = 23*r**3 - 5 - 62*r**3 + 7*r**2 - r + 19*r**3 + 21*r**3. What is g(-7)?
2
Suppose s + 2*h = 8 + 5, 2*s = 4*h - 6. Let u(c) = 7 + s*c**2 - 2*c + 32*c**3 - 74*c**3 + 41*c**3. What is u(5)?
-3
Let b(q) be the third derivative of q**5/60 - 5*q**4/24 - q**3/6 - 244*q**2. Give b(0).
-1
Let t(m) = -m**3 + 5*m**2 - 6*m + 4. Let w(i) = -i**2 - 8*i + 14. Let c be w(-10). Let d = 6 + c. Suppose d = 4*v + 12, -2*v - 16 = -s + 2*v. Give t(s).
-4
Suppose d + 0*d - 5 = 0. Suppose 0*f + 10 = d*f. Let l(q) = -1 + 3*q - 2*q + q**2 + 2*q**f + 2 + q**3. Determine l(-3).
-2
Let m(g) = -g**2 + 10*g + 2. Let x be m(7). Let o(s) = -8*s + x*s**2 + 4*s - 22*s**2 - 8. Give o(8).
24
Suppose 5*f = 3*v - 2*v + 22, -3*f = -2*v - 16. Let p = -1 - f. Let y(s) = -s. Let x(j) = 2*j - 6. Let c(m) = x(m) + 3*y(m). Give c(p).
-1
Suppose 0 = -3*b - d + 17, d = 2*b - 1 - 7. Let x be (2 - 0) + (b - 3). Let m(k) = -3*k**2 + k**3 + 0*k**2 - 4*k - 3*k + 6. Calculate m(x).
-6
Let r(v) be the first derivative of -1/3*v**3 + 7/2*v**2 - 5*v + 1. Let y be ((-6)/(-9))/(((-32)/(-30))/8). Calculate r(y).
5
Let g(v) = 2 - 145*v + 49*v - 5 + 49*v + 49*v. Determine g(4).
5
Let p be ((-33)/99)/(1/33). Let o(a) = a + 22. What is o(p)?
11
Let u(v) = 4*v**2 - 10*v + 1. Let d(q) = 3*q**2 - 8*q + 2. Let x(l) = -3*d(l) + 2*u(l). Give x(0).
-4
Let p(r) = 4*r**3 + 31*r**2 + 24*r + 37. Let n(f) = -3*f**3 - 21*f**2 - 16*f - 25. Let v(d) = 7*n(d) + 5*p(d). Let u = 157 + -148. Determine v(u).
1
Let l(f) = f**3 + 16*f**2 + 50*f - 2. Let n be l(-4). Let a(h) = 2*h**3 + 20*h**2 - 2*h - 6. Give a(n).
14
Let a = 39 - 35. Let c(f) = -15*f**2 + f**3 - 6 + a*f**2 + 9*f**2 + f**2. What is c(0)?
-6
Let j(h) = -h**2 - 13*h - 1. Let p be 2*(-5 + (-24)/16). What is j(p)?
-1
Let j(q) = -17*q**2 - q. Suppose -3*r - 260 = -5*x, -r - 4*x - 46 - 18 = 0. Let g = -81 - r. Determine j(g).
-16
Let j(d) be the second derivative of -d**4/12 + 5*d**3/6 + d**2 - 103*d. Determine j(5).
2
Let c(q) = 15*q - 10. Let l(o) = 8*o - 6. Let h(u) = -4*c(u) + 7*l(u). Let w(j) = -2*j**2 - 2*j + 2. Let a be w(-2). Give h(a).
6
Let d(h) = -h + 17. Suppose -4*w - 57 = -3*o, -1 + 34 = 3*o + 4*w. Let g be d(o). Let u(s) = g + s**2 + 9 - 2 + 6*s. What is u(-6)?
9
Let y(z) = -5*z - 2. Suppose 0 = 3*i + 3, 3*j + 2*i = 7*j + 22. Let a(u) = -u + 7. Let q be a(5). Let p be (-2)/j*(q - 11). Calculate y(p).
13
Let p(s) be the second derivative of -9*s + 5/6*s**3 - 5/2*s**2 + 1/12*s**4 + 0. Determine p(-5).
-5
Let v(y) = 0*y**2 - y**2 + 0 + 1 - 7*y - 5 - 1. Calculate v(-6).
1
Suppose 5*f = o - 36 + 5, -4*o + 5*f = -79. Let y(z) = o*z - 16*z - 10*z - 1. Determine y(-1).
9
Let f(z) = z**2 - 8*z + 7. Let k(h) = -h + 14. Let j be k(5). Let w = -4 + j. Let x = 11 - w. Give f(x).
-5
Let d(j) = j**2 + 9*j - 14. Suppose -8*f = -406 - 450. Let a = 97 - f. Give d(a).
-4
Let y(j) = -j**3 - 6*j**2 + 7*j - 1. Let g be y(-7). Let r(x) be the third derivative of -x**5/60 - x**3/6 - 10*x**2. Determine r(g).
-2
Suppose k + 4*k = -t + 28, 8 = -4*t + 4*k. Let j(d) = -t*d + d**3 + d**3 - 2*d**2 + 2*d**3 - 3*d**3 - 1. Let h(m) = m + 7. Let s be h(-4). Give j(s).
-1
Let h(r) be the second derivative of r**3/6 - 3*r**2/2 + r. Let b(l) = -l**2 - 3*l + 7. Let f be b(4). Let d = 18 + f. Give h(d).
-6
Suppose -5*q + 34 = 9. Let t be ((-14)/(-5) + -2)*q. Let n(u) = u**2 - 4*u - 3. What is n(t)?
-3
Let m(h) = h**3 + 2*h**2 + 4*h - 8. Let q(w) = 2*w**3 + 5*w - 7. Let s(x) = -3*m(x) + 2*q(x). Give s(5).
-25
Suppose 6 = 3*a, 4*p = 3*p + a + 22. Let y = -26 + p. Let h(c) = 16*c + 2. Determine h(y).
-30
Let n(p) = 2*p + 3. Let g be 3 + (-1 - 0)*-17. Let i = g + -20. Suppose 10*l - 12*l - 10 = i. Determine n(l).
-7
Let b(k) = 0 + 1 + 0 + k**2 + k. Let r(o) = -o**2 - 37*o + 76. Let g be r(-39). Give b(g).
3
Let n(i) = -2*i - 7. Let h = -19 - -22. Suppose 4*d + 2*q + 12 = -2*q, h*d + 25 = 5*q. Calculate n(d).
3
Let h(m) = -17*m - 2*m**2 + 17*m. Let g(r) = -r**2 + 3*r - 2. Let y be g(2). Suppose 0 = b + 3*b + 16, y = 3*z - 5*b - 23. Determine h(z).
-2
Let n be 410/123*(-9)/(-5). Let w(d) = d**2 - 9*d + 5. What is w(n)?
-13
Let r(s) = 10*s - 16. Let k = 40 + -23. Suppose -5*l + 2*z = 0, -l + 5*z = 3*l + k. Let v(c) = 2*c - 3. Let j(g) = l*r(g) - 11*v(g). Determine j(5).
-9
Let t(m) = m**2 - 14*m + 15. Let n be t(13). Let z(s) = -n - s + 2 - 5*s**3 - s**3. Calculate z(1).
-7
Let z be (-2)/17 + (-2115)/85. Let o = z + 22. Let x(t) = -t**2 + t + 3. Calculate x(o).
-9
Let t(n) = n**2 + 20*n + 9. Let l be t(-20). Let p(v) = -v**2 + 7*v + 10. Calculate p(l).
-8
Let n(u) be the third derivative of -u**4/24 + 5*u**3/6 + 16*u**2. What is n(4)?
1
Let n = -10 + 16. Let m(p) = 104 + 62*p - 209 - 63*p + 110. Give m(n).
-1
Let a(i) = 7*i + 1 + i**2 - 12*i + 10*i. Let s be a(-2). Let w(q) = 6*q + 20. Let j(t) = -2*t - 7. Let u(c) = -17*j(c) - 6*w(c). What is u(s)?
9
Let t be 6 + 8*(-1)/2. Let k(m) be the third derivative of -m**5/20 + m**4/8 - m**3/6 + 5*m**2. Calculate k(t).
-7
Let u(t) = -4 + 4 - 4*t. Suppose -5*n + 4*w = 20, 3*n + 4*w = -w - 12. What is u(n)?
16
Suppose -27 = 2*z + 7*z. Suppose 0 = -2*f + 4*d - 8*d + 2, f = 4*d + 25. Let y = f + z. Let l(o) = -o**3 + 6*o**2 + o + 2. Calculate l(y).
8
Let m(h) be the third derivative of -h**4/24 - h**3/3 - 86*h**2. Calculate m(-3).
1
Let u be (408/1904)/((-6)/(-14)). Let m(n) be the third derivative of 0*n + 7*n**2 + u*n**3 + 1/60*n**5 + 1/4*n**4 + 0. Give m(-3).
-6
Let z(r) be the first derivative of -r**4 + r**3/3 - r**2/2 + 6*r - 1. Let f(m) be the first derivative of z(m). Calculate f(1).
-11
Suppose -5*k - 25 = 4*j - 0, 5*j - 4*k + 21 = 0. Suppose 4*z = -5*q + 28, 0*q = z + 5*q - 22. Let i(y) = 4*y - 4*y + z + y - 1. Determine i(j).
-4
Let q(u) be the third derivative of 0 - 1/12*u**4 - 37*u**2 + 2*u - 5/6*u**3. Give q(-7).
9
Let n(y) = -1 - 7*y + 7*y**2 - y**3 + 11 - 4. Give n(6).
0
Let x(y) = y - 5. Let k be x(7). Let g(v) be the third derivative of v**5/30 + v**4/24 - v**3/3 + v**2 + 16*v. What is g(k)?
8
Let t be ((-8)/(-24))/((-3)/(-999)). Suppose -t = -4*m - 115. Let i(r) = -r + 1. Give i(m).
2
Let f(p) = -p**2 + 7*p - 15. Let o = 840 + -833. Calculate f(o).
-15
Let a(t) = -218*t + 6 + 103*t + 111*t. Determine a(5).
-14
Let z be 3/9 - 13/3. Let o be (2/z + 1)*(-3 + -3). Let d(n) = n - 4. Give d(o).
-7
Let v be (-16)/(-9) + 12/54. Let i(a) be the third derivative of 0*a - 1/120*a**6 + 8*a**2 + 0 + 0*a**3 + 1/60*a**5 + 1/24*a**4. What is i(v)?
-2
Let y(r) = 9*r + 2. Let h be (-4)/26 + 180/156. Calculate y(h).
11
Let r(h) = 6*h - 16*h + 4*h**2 - 11 - 3*h**2. Let g(i) = -i**3 + 6*i**2 + i + 3. Let b be g(6). What is r(b)?
-20
Let v(b) = 6*b**3 - 2*b**3 - b + 0*b + 3*b**2 - 4*b**2. Suppose -5*s = -25, -g + 3*s - 11 = -5*g. What is v(g)?
-4
Let c(j) = -35*j**2 - 4*j - 11. Let u(h) = 34*h**2 + 3*h + 8. Let t(o) = -3*c(o) - 4*u(o). What is t(1)?
-30
Let n(o) be the first derivative of -3*o**2/2 - 10*o + 152. Determine n(-8).
14
Suppose 0 = -3*z + i - 24, -32 = 4*z + 21*i - 20*i. Let q(c) = c**2 + 11*c + 8. Give q(z).
-16
Suppose 0 = -4*q - 4*f + 8, -4*q - f + 10 + 10 = 0. Suppose q*g - g - 10 = 5*y, 5*y - 4*g = -14. Let a(r) = -8*r - 8 + 3*r - 2*r - r**2. What is a(y)?
-2
Let u(b) = -b**3 - 3*b**2 - 2*b. Suppose -5*d + 35 + 5 = 0. Let l be 1*2 + d + -12. Determine u(l).
0
Let k(t) = 2*t**2 - t. Let j = -8 + -1. Let o = 23 + j. Suppose g = -3*h - o, -3*h + 3 = 3*g + 15. Give k(g).
1
Let w be -74*3*(-2 - 2)/8. Let z = -108 + w. Let i(o) = 2*o**2 - 2*o + 2. Give i(z).
14
Let d be 34/10 + ((-48)/(-10))/8. Let w(m) = -5*m + 17. Determine w(d).
-3
Let q = -977 + 985. Let c(b) = b**3 - 6*b**2 - 15*b - 2. Determine c(q).
6
Let o(p) = 7*p**2 + p + 4. Let m(x) = -x**2 - x - 1. Let i(n) = -5*m(n) - o(n). Let v be 6/(-4)*(-6206)/87. Let a = v - 104. What is i(a)?
-5
Suppose 5*g = i - 5, -5*i + 6*g = 4*g + 21. Let h(v) be the third derivative of v**6/120 + v**5/10 + v**4/12 - v**3 + v**2. What is h(i)?
9
Let s(z) = z**2 - 7*z - 6. Suppose 3 = 2*r - 3*r + 3*m, -2*r + 4*m = 2. Let v be (35/30)/(3/6)*r